0. Let k be 489/15 - (-8)/q. Suppose -4*c = y, 4*y + 2*c + 3*c = k. Calculate the remainder when y is divided by 5.
2
Let s be (4/5)/((-3)/(-75)). Let p be 8/s - (-66)/10. Suppose 3*t = p*t - 16. What is the remainder when 11 is divided by t?
3
Suppose 0 = 2*q - 6*v + v - 33, q + 5*v - 39 = 0. What is the remainder when 143 is divided by q?
23
Suppose x + 2*i = 57, 0*x - 3*x = -i - 143. Suppose 3*g - 85 = 5*b - b, -4*b = g - 7. Let d = -10 + g. Calculate the remainder when x is divided by d.
10
Let l(n) = 2*n**2 + 3*n - 7. Let m = -5 + 10. Suppose -2*v - 2*v = -80. Calculate the remainder when l(m) is divided by v.
18
Let f = 10 - 5. Suppose 3*v = 13 + f. Let j = v - 2. What is the remainder when 5 is divided by j?
1
Suppose 0 = 5*x + b - 22, 8*b - 4*b = 4*x - 8. Let f be (-4)/18*-3*-12. Let u(w) = -2*w - 6. Calculate the remainder when u(f) is divided by x.
2
Suppose 12 = -2*z - z. Let y be 3 + (-1 - z - 4). Suppose 0 - 47 = -y*b + 5*j, -2*j - 10 = 0. What is the remainder when 31 is divided by b?
9
Suppose -2*o - 5*d + 4 + 15 = 0, -o - 5*d = -2. Calculate the remainder when 183 is divided by o.
13
Let t(z) = -5*z + 12. What is the remainder when t(-6) is divided by 11?
9
Let p be 12/(-8)*266/(-3). Suppose -3*b - 31 = -p. What is the remainder when b is divided by 18?
16
Let k(i) = i**2 - i - 4. What is the remainder when 778/10 + (1 - 27/15) is divided by k(-5)?
25
Suppose -2*u + 3*d - 6 = -87, -15 = 3*d. What is the remainder when u is divided by 9?
6
Let u = 89 + 27. What is the remainder when u is divided by 17?
14
Let z = -78 + 120. Suppose o = 2*p - 36, 4*p - 2*p = 4*o + z. What is the remainder when 66 is divided by p?
15
Calculate the remainder when 263 is divided by -198*((-14)/(-6))/(-7).
65
Let r = -2 + 2. Suppose r*m = 2*m - 20. What is the remainder when (-327)/(-18) + 5/6 is divided by m?
9
Suppose 5*t + 0*k = -k + 4, -t - 20 = -5*k. Suppose 0 = -3*s - t*s + 78. Let a(n) = n**3 + 4*n**2 - 2*n - 1. Calculate the remainder when s is divided by a(-4).
5
Let j be -4 - (-5)/(10/4). What is the remainder when 3/((-6)/j) + 18 is divided by 5?
4
Let q be 6/(-1 + 4) - -8. Suppose -f + q = -52. What is the remainder when f is divided by 16?
14
What is the remainder when (-3)/(-9) + 258/9 is divided by 16?
13
Suppose 2*h = -4*f + 2, 3*f + 2*h + 0*h + 1 = 0. Let l(p) = 2*p**2 - 3. Calculate the remainder when 57 is divided by l(f).
12
Let i(w) = -w**3 + 10*w**2 - 4*w - 1. Suppose 0 = -2*b - 14*b + 320. Calculate the remainder when i(4) is divided by b.
19
Let c(s) = s**2 - 2*s + 3. Let l = -9 - -13. Let f = 55 + -12. Calculate the remainder when f is divided by c(l).
10
Let r be 98/35 - 1/(-5). Let a = r - -5. Calculate the remainder when 21 is divided by a.
5
Suppose n + 34 = 3*v, -v - 20 = -5*v - 5*n. What is the remainder when 29 is divided by v?
9
Let y(g) = -5*g + 1. Let r be y(-1). Suppose 2*l = r*l - 68. What is the remainder when ((-48)/(-18) - 2/(-6)) + 29 is divided by l?
15
Suppose y + 12 = -5. Let i = y - -12. Let s(g) = g**3 + 5*g**2 - 4*g + 4. What is the remainder when s(i) is divided by 13?
11
Let y be 4/(-14) + (-69)/(-21). Suppose 8*n = y*n + 55. Calculate the remainder when n is divided by 6.
5
Let l(i) = i**2 + 9*i - 11. Let g be l(-8). Let c = g - -22. What is the remainder when c is divided by 3?
0
Let r = 2 - 4. Let m = 2 + -1. Calculate the remainder when 2 + -1 + r + 2 is divided by m.
0
Let j(m) = 5*m - 4. Let n be j(2). Suppose n = -4*a - a + 4*s, -3*a = -3*s + 6. Calculate the remainder when 3 is divided by a.
1
Let r be (-4)/10 + 52/5. Suppose 0 - 2 = -3*p - 5*x, 4*p + 3*x = r. Suppose p*k - 27 - 21 = 0. Calculate the remainder when 34 is divided by k.
10
Let n = 14 - 9. Suppose 2*s - 53 = s + n*m, 169 = 3*s - 5*m. What is the remainder when s is divided by 15?
13
Suppose 20 = 4*c, -198 = 5*x - 5*c + 17. Let z = x - -57. Calculate the remainder when z is divided by (-13)/(-2) + 3/6.
5
Suppose 4*s + 3 = 5*s. Suppose -5*v = -s*v - 68. Calculate the remainder when v is divided by 9.
7
Let n be (-20)/6*18/(-15). Suppose r + 42 = 2*r + 3*q, n*r = -2*q + 198. Calculate the remainder when r is divided by 26.
25
Suppose 2*y = n - 29, -3*y + 118 + 14 = 5*n. Calculate the remainder when 107 is divided by n.
26
Let x(l) = -l**2 + 5*l + 2. Let m be x(5). What is the remainder when 33 is divided by (9/(-2))/((-1)/m)?
6
Let n(d) = d + 5. What is the remainder when 21 is divided by n(6)?
10
Let k(u) = 3*u - 8. Let g be k(9). Suppose -2*q + g - 5 = 0. Calculate the remainder when q is divided by 2.
1
Suppose 2*t + 861 = 9*t. Calculate the remainder when t is divided by 31.
30
Let i(t) = 6*t**2. Calculate the remainder when -4 + 3 - (-18 - 0) is divided by i(-1).
5
Suppose a = -u + 12, -2 = u + 5*a - 14. Calculate the remainder when 6/4*-2 - -25 is divided by u.
10
Let g = 294 + -183. Calculate the remainder when g is divided by 19.
16
Suppose -33 = -2*d - 5. What is the remainder when d is divided by 5?
4
Suppose 4*m - 1 = -3*z + 2, 2*z + 15 = 3*m. Suppose t - 2*t + 8 = 0. Suppose -t*q + 6*q + 4 = 0. Calculate the remainder when m is divided by q.
1
Suppose 2*p = 11 - 3. Suppose -4*u + 264 = -0*y + p*y, 5*y - u = 348. Calculate the remainder when y is divided by 18.
15
What is the remainder when 119 is divided by (-3)/(-4 - -1) - -39?
39
Let d = 14 - 14. Suppose p + 3*n - 33 = d, -92 = -5*p - 4*n + 51. What is the remainder when p is divided by 15?
12
Let a be (-66)/(-18) - 2/(-6). Calculate the remainder when a/((4/7)/2) is divided by 4.
2
Let v(l) = -3*l - 8. Suppose 2*j = 6, -j = n - 2*j + 5. Let k be ((-12)/10)/(n/(-10)). What is the remainder when 28 is divided by v(k)?
8
Suppose c - 3*c = -38. Calculate the remainder when c is divided by 5.
4
Suppose 7*v - 10*v = -84. What is the remainder when 53 is divided by v?
25
Let v(b) = b + 13. What is the remainder when v(0) is divided by 5?
3
Suppose 3*r + 11 - 32 = 0. Let y = -114 - -133. Calculate the remainder when y is divided by r.
5
Let q = 14 - 7. Suppose 2*y - q = 15. What is the remainder when 31 is divided by y?
9
Let s(b) = 2*b**2 + 4*b - 5. Let c be s(-4). Let i = 6 + c. What is the remainder when 31 is divided by i?
14
Let m = -291 - -296. Suppose 0 = -5*p, -107 = -5*r - p - 12. What is the remainder when r is divided by m?
4
Let j = -3 + -1. Let m(k) be the first derivative of k**3/3 + k**2/2 + 3*k - 8. What is the remainder when 44 is divided by m(j)?
14
Let g(x) = -x**3 - 19*x**2 + 41*x. Let n(o) = -5*o - 3. Let t = -4 - -1. Calculate the remainder when g(-21) is divided by n(t).
9
Let y(t) = -t**2 - 12*t + 3. Calculate the remainder when 53 is divided by y(-11).
11
Suppose -15 = 5*l, -2 = -k - 2*l - 6. What is the remainder when 14 is divided by 1 + (k - (-3 + 2))?
2
Let f be 17 + 2*(-2)/(-2). Let j = 37 - f. Calculate the remainder when j is divided by 10.
8
Suppose -10 = -5*j - 0*j. Calculate the remainder when 4 is divided by j.
0
Let g(k) = -k**3 - 6*k**2 + 6. Let c be (0 + -1)/(2/(-42)). Let y = -4 + c. Calculate the remainder when y is divided by g(-6).
5
Suppose -89*i = -92*i + 105. Calculate the remainder when i is divided by 19.
16
Let q(b) = -b**2 - 6*b - 4. Let v be q(-3). Suppose -3*i + 87 = -j, -5*i + v*j + 62 = -93. Calculate the remainder when i is divided by 10.
8
Suppose 18*g = 13*g + 5*v + 845, 3*g - 5*v - 509 = 0. What is the remainder when g is divided by 58?
52
Let x(z) = z**2 + 12*z + 16. Let a be x(-11). Suppose -155 = -a*o - q, -3*o - 2*q + 93 = -4*q. What is the remainder when o is divided by 17?
14
Suppose 5*f = -4*j + 151, -j = -4*f + j + 126. Let b = 134 - 123. What is the remainder when f is divided by b?
9
Suppose -w = 5*w - 642. What is the remainder when w is divided by 28?
23
Let o be (-10)/(-15)*237*1. Calculate the remainder when 17 is divided by (-6)/(-27) - o/(-18).
8
Let p(n) = n + 1. Let q be p(5). Calculate the remainder when q/3*(-129)/(-6) is divided by 15.
13
Suppose 0 = 2*h - 4*z - 53 - 147, -5*h = 4*z - 444. What is the remainder when h is divided by 19?
16
Suppose 69 - 12 = 3*j. What is the remainder when 75 is divided by j?
18
Let q be 35/(-45) + (-4)/18. Let c(k) = 22*k**2 - k - 1. Calculate the remainder when c(q) is divided by 8.
6
Suppose -82 = -3*a + 116. Suppose -3*n + a = -0*n. Let g = -8 + n. What is th